rs of 1900620014.
2, 337, 2819911
List the prime factors of 1200510255.
3, 5, 7, 11433431
List the prime factors of 493086995.
5, 23, 439, 9767
What are the prime factors of 734446223?
7, 17, 71, 86927
List the prime factors of 157802054.
2, 1451, 54377
List the prime factors of 739670.
2, 5, 17, 19, 229
What are the prime factors of 186888594?
2, 3, 67, 464897
What are the prime factors of 57605647?
11, 53, 98809
List the prime factors of 696862697.
15511, 44927
What are the prime factors of 35173364?
2, 97, 269, 337
List the prime factors of 263513993.
263513993
What are the prime factors of 2040774693?
3, 680258231
List the prime factors of 1071697689.
3, 39692507
What are the prime factors of 2644149017?
127, 20820071
What are the prime factors of 12220513?
29, 421397
List the prime factors of 153894997.
107, 1438271
List the prime factors of 101401771.
419, 242009
What are the prime factors of 39648648?
2, 3, 13, 127079
What are the prime factors of 5340475959?
3, 7, 13, 1129, 17327
What are the prime factors of 15245895?
3, 5, 7, 23, 59, 107
What are the prime factors of 999607735?
5, 7, 17, 1680013
List the prime factors of 1295861625.
3, 5, 599, 641
List the prime factors of 207062446.
2, 103531223
List the prime factors of 2560658195.
5, 23, 107, 208099
List the prime factors of 33402266.
2, 19, 879007
What are the prime factors of 1298041143?
3, 7, 61, 619, 1637
List the prime factors of 2463079109.
4603, 535103
List the prime factors of 3773330731.
389, 9700079
List the prime factors of 247293251.
247293251
What are the prime factors of 147082730?
2, 5, 601, 24473
What are the prime factors of 42372181?
42372181
What are the prime factors of 5470188587?
10133, 539839
What are the prime factors of 196889077?
7, 11, 19, 59, 2281
List the prime factors of 129743142.
2, 3, 21623857
List the prime factors of 115795088.
2, 7237193
What are the prime factors of 1003909648?
2, 7, 43, 97, 307
List the prime factors of 1103668359.
3, 15083, 24391
List the prime factors of 160684808.
2, 23, 43, 883
What are the prime factors of 210756012?
2, 3, 17563001
List the prime factors of 938996048.
2, 107, 643, 853
List the prime factors of 15966622.
2, 7, 71, 16063
List the prime factors of 2531692484.
2, 632923121
List the prime factors of 1037594931.
3, 1399, 247223
List the prime factors of 3624288108.
2, 3, 7, 29, 59, 151, 167
List the prime factors of 52004854.
2, 11, 2363857
List the prime factors of 337405760.
2, 5, 1054393
List the prime factors of 1714776492.
2, 3, 11, 13, 999287
What are the prime factors of 664717625?
5, 11, 13, 41, 907
What are the prime factors of 90453431?
59, 1533109
List the prime factors of 118966900.
2, 5, 13, 91513
List the prime factors of 231607689.
3, 77202563
List the prime factors of 45658116.
2, 3, 7, 181183
List the prime factors of 3556489129.
157, 22652797
List the prime factors of 731249138.
2, 365624569
What are the prime factors of 7833505793?
7833505793
What are the prime factors of 728060900?
2, 5, 7, 409, 2543
What are the prime factors of 28784949?
3, 9594983
What are the prime factors of 82374446?
2, 7, 11, 157, 3407
What are the prime factors of 2508316026?
2, 3, 418052671
List the prime factors of 56759560.
2, 5, 11, 13, 9923
List the prime factors of 279450542.
2, 7, 83, 240491
List the prime factors of 26641963.
26641963
What are the prime factors of 72793312?
2, 211, 10781
List the prime factors of 407334636.
2, 3, 3771617
List the prime factors of 41739039.
3, 191, 24281
List the prime factors of 1498468016.
2, 463, 202277
What are the prime factors of 136762481?
149, 917869
What are the prime factors of 101076033?
3, 17, 1981883
What are the prime factors of 14223952?
2, 888997
List the prime factors of 2882493818.
2, 1441246909
What are the prime factors of 38585454?
2, 3, 1019, 6311
What are the prime factors of 1635068?
2, 67, 6101
List the prime factors of 23282668.
2, 5820667
List the prime factors of 3361569158.
2, 67, 25086337
List the prime factors of 15012441.
3, 293, 5693
List the prime factors of 81455045.
5, 7, 263, 8849
List the prime factors of 485678418.
2, 3, 19, 97, 167, 263
List the prime factors of 3876525988.
2, 419, 2312963
List the prime factors of 42423287.
6329, 6703
List the prime factors of 688729331.
688729331
What are the prime factors of 768687214?
2, 719, 534553
What are the prime factors of 52556017?
5147, 10211
List the prime factors of 2606792572.
2, 1229, 530267
What are the prime factors of 579138744?
2, 3, 227, 106303
List the prime factors of 16424252.
2, 13, 315851
List the prime factors of 98770102.
2, 17, 61, 47623
What are the prime factors of 42546654?
2, 3, 29, 101, 269
What are the prime factors of 1587293804?
2, 396823451
What are the prime factors of 1286298650?
2, 5, 7, 13, 282703
List the prime factors of 47224103.
47224103
What are the prime factors of 108338874?
2, 3, 7, 19, 127, 1069
List the prime factors of 104004549.
3, 11, 179, 5869
What are the prime factors of 291034785?
3, 5, 37, 524387
What are the prime factors of 188984554?
2, 11, 8590207
What are the prime factors of 10706327?
277, 38651
List the prime factors of 1464490748.
2, 7, 52303241
List the prime factors of 146138027.
7, 20876861
What are the prime factors of 3098566619?
433, 7156043
List the prime factors of 149505034.
2, 7, 19, 29, 19381
What are the prime factors of 52936992?
2, 3, 183809
What are the prime factors of 11248328?
2, 7, 13, 15451
List the prime factors of 89069402.
2, 601, 74101
What are the prime factors of 714106467?
3, 8009, 9907
What are the prime factors of 33266105?
5, 6653221
List the prime factors of 19950525.
3, 5, 7, 53, 239
What are the prime factors of 3697510572?
2, 3, 7, 4890887
What are the prime factors of 153160451?
47, 251, 12983
What are the prime factors of 91299131?
7, 11, 1185703
List the prime factors of 66948778.
2, 13, 31, 83063
What are the prime factors of 19140425?
5, 383, 1999
What are the prime factors of 448892421?
3, 29, 5159683
List the prime factors of 131475272.
2, 16434409
What are the prime factors of 1140484873?
11, 103680443
List the prime factors of 385100234.
2, 47, 193, 21227
List the prime factors of 2056195743.
3, 7, 97914083
List the prime factors of 541231314.
2, 3, 13, 1307, 5309
List the prime factors of 460593033.
3, 153531011
List the prime factors of 236888381.
173, 1369297
What are the prime factors of 525979?
525979
List the prime factors of 32365137.
3, 7, 71, 443
What are the prime factors of 1331717661?
3, 17, 67, 163, 797
List the prime factors of 10614625.
5, 7, 1733
What are the prime factors of 8181288?
2, 3, 199, 571
List the prime factors of 1441044845.
5, 13063, 22063
What are the prime factors of 70057238?
2, 17, 2060507
What are the prime factors of 42336407?
42336407
List the prime factors of 29306711.
7, 4186673
List the prime factors of 83355405.
3, 5, 7, 661, 1201
List the prime factors of 136050466.
2, 68025233
What are the prime factors of 4216487793?
3, 7, 200785133
What are the prime factors of 2810525236?
2, 41, 43, 398543
What are the prime factors of 2788579437?
3, 7, 61, 2176877
List the prime factors of 142103964.
2, 3, 19, 623263
What are the prime factors of 54331538?
2, 27165769
What are the prime factors of 361087681?
463, 779887
List the prime factors of 5420343294.
2, 3, 19, 73, 199, 1091
What are the prime factors of 914163598?
2, 109, 4193411
What are the prime factors of 257227397?
7, 79, 461, 1009
List the prime factors of 52431439.
1429, 36691
List the prime factors of 416666933.
416666933
List the prime factors of 273150471.
3, 11, 59, 239, 587
What are the prime factors of 138740978?
2, 17, 59, 69163
List the prime factors of 329953157.
329953157
List the prime factors of 42927619.
7, 103, 59539
What are the prime factors of 127304867?
29, 4389823
What are the prime factors of 2472713231?
2472713231
List the prime factors of 248321446.
2, 523, 237401
List the prime factors of 64545637.
13, 4965049
What are the prime factors of 123255543?
3, 59, 696359
List the prime factors of 14840480.
2, 5, 92753
What are the prime factors of 1273189697?
13, 29, 3377161
List the prime factors of 99100500.
2, 3, 5, 66067
List the prime factors of 617070752.
2, 19, 73, 13903
What